{"id":3275,"date":"2024-12-27T20:16:41","date_gmt":"2024-12-27T19:16:41","guid":{"rendered":"https:\/\/soleil-levant-asso.fr\/?page_id=3275"},"modified":"2024-12-27T20:16:41","modified_gmt":"2024-12-27T19:16:41","slug":"soiree-de-fin-dannee-2024","status":"publish","type":"page","link":"https:\/\/soleil-levant-asso.fr\/?page_id=3275","title":{"rendered":"Soir\u00e9e de fin d&rsquo;ann\u00e9e 2024"},"content":{"rendered":"\n<div class=\"wp-block-group alignfull has-white-background-color has-background is-layout-flow\" style=\"padding-top:6vw;padding-right:6vw;padding-bottom:6vw;padding-left:6vw\"><div class=\"wp-block-group__inner-container\">\n<div class=\"wp-block-group is-vertical is-nowrap is-layout-flex wp-container-1\" style=\"padding-right:0;padding-left:0\">\n<h6 class=\"wp-block-heading has-text-color\" id=\"ecosystem\" style=\"color:#000000;font-size:16px\">D\u00e9cembre 2024<\/h6>\n\n\n\n<p class=\"has-text-color\" style=\"color:#000000;font-size:6vw;font-style:normal;font-weight:700;letter-spacing:0px;line-height:0.9;text-decoration:none;text-transform:none\">Soir\u00e9e de fin d&rsquo;ann\u00e9e 2024 <\/p>\n<\/div>\n\n\n\n<div style=\"height:1vw\" aria-hidden=\"true\" class=\"wp-block-spacer\"><\/div>\n\n\n\n<div class=\"wp-block-group alignwide is-vertical is-nowrap is-layout-flex wp-container-9\" style=\"padding-top:0;padding-right:0;padding-bottom:0;padding-left:0\">\n<div class=\"wp-block-columns alignwide is-layout-flex wp-container-5\">\n<div class=\"wp-block-column is-layout-flow\" style=\"flex-basis:33.38%\">\n<hr class=\"wp-block-separator has-alpha-channel-opacity\"\/>\n\n\n\n<hr class=\"wp-block-separator has-alpha-channel-opacity\"\/>\n\n\n\n<p class=\"has-black-color has-text-color\" style=\"font-size:15px\">L&rsquo;association Soleil Levant, c&rsquo;est se retrouver tous les mardis soir de 20H \u00e0 23H  &amp; un samedi par mois \u00e0 la maison de quartier Quart&rsquo;Ney <\/p>\n\n\n\n<hr class=\"wp-block-separator has-alpha-channel-opacity\"\/>\n\n\n\n<p class=\"has-black-color has-text-color\" style=\"font-size:15px\">Mais pas que &#8230; c&rsquo;est aussi se retrouver pour des \u00e9v\u00e9nements sp\u00e9ciaux comme la soir\u00e9e de fin d&rsquo;ann\u00e9e organis\u00e9e par nos membres pour nos membres ! <\/p>\n\n\n\n<hr class=\"wp-block-separator has-alpha-channel-opacity\"\/>\n\n\n\n<p class=\"has-black-color has-text-color\">Au programme <\/p>\n\n\n\n<p style=\"font-size:15px\"><\/p>\n\n\n\n<ul>\n<li style=\"font-size:15px\">Challenge Marshmallow-baguette \ud83e\udd62 : Qui attrapera le plus de marshmallow avec ses baguettes ? M\u00e9lany gardera-t-elle sa place de reine des baguettes ? (on ne rigole pas attention \ud83e\udd23)<\/li>\n\n\n\n<li style=\"font-size:15px\">D\u00e9couverte d&rsquo;un nouveau jeu cr\u00e9er par et pour l&rsquo;association : un time&rsquo;s UP autour du japon <\/li>\n\n\n\n<li style=\"font-size:15px\">Cadeau myst\u00e8re \ud83c\udf81 : chacun am\u00e8ne un cadeau \u00e0 offrir<\/li>\n<\/ul>\n<\/div>\n\n\n\n<div class=\"wp-block-column is-layout-flow\" style=\"flex-basis:33%\">\n<div style=\"height:2vw\" aria-hidden=\"true\" class=\"wp-block-spacer\"><\/div>\n\n\n\n<figure class=\"wp-block-image size-large\"><img decoding=\"async\" loading=\"lazy\" width=\"768\" height=\"1024\" src=\"https:\/\/soleil-levant-asso.fr\/wp-content\/uploads\/2024\/12\/noel-IMG20241217202041-768x1024.jpg\" alt=\"\" class=\"wp-image-3278\" srcset=\"https:\/\/soleil-levant-asso.fr\/wp-content\/uploads\/2024\/12\/noel-IMG20241217202041-768x1024.jpg 768w, https:\/\/soleil-levant-asso.fr\/wp-content\/uploads\/2024\/12\/noel-IMG20241217202041-225x300.jpg 225w, https:\/\/soleil-levant-asso.fr\/wp-content\/uploads\/2024\/12\/noel-IMG20241217202041-1152x1536.jpg 1152w, https:\/\/soleil-levant-asso.fr\/wp-content\/uploads\/2024\/12\/noel-IMG20241217202041-1536x2048.jpg 1536w, https:\/\/soleil-levant-asso.fr\/wp-content\/uploads\/2024\/12\/noel-IMG20241217202041-scaled.jpg 1920w\" sizes=\"(max-width: 768px) 100vw, 768px\" \/><\/figure>\n<\/div>\n\n\n\n<div class=\"wp-block-column is-layout-flow\" style=\"flex-basis:33.62%\">\n<figure class=\"wp-block-image size-large\"><img decoding=\"async\" loading=\"lazy\" width=\"1024\" height=\"768\" src=\"https:\/\/soleil-levant-asso.fr\/wp-content\/uploads\/2024\/12\/noel-IMG20241217214624-1024x768.jpg\" alt=\"\" class=\"wp-image-3277\" srcset=\"https:\/\/soleil-levant-asso.fr\/wp-content\/uploads\/2024\/12\/noel-IMG20241217214624-1024x768.jpg 1024w, https:\/\/soleil-levant-asso.fr\/wp-content\/uploads\/2024\/12\/noel-IMG20241217214624-300x225.jpg 300w, https:\/\/soleil-levant-asso.fr\/wp-content\/uploads\/2024\/12\/noel-IMG20241217214624-768x576.jpg 768w, https:\/\/soleil-levant-asso.fr\/wp-content\/uploads\/2024\/12\/noel-IMG20241217214624-1536x1152.jpg 1536w, https:\/\/soleil-levant-asso.fr\/wp-content\/uploads\/2024\/12\/noel-IMG20241217214624-2048x1536.jpg 2048w\" sizes=\"(max-width: 1024px) 100vw, 1024px\" \/><\/figure>\n\n\n\n<figure class=\"wp-block-image size-large\"><img decoding=\"async\" loading=\"lazy\" width=\"1024\" height=\"768\" src=\"https:\/\/soleil-levant-asso.fr\/wp-content\/uploads\/2024\/12\/noel-IMG20241217205214-1024x768.jpg\" alt=\"\" class=\"wp-image-3280\" srcset=\"https:\/\/soleil-levant-asso.fr\/wp-content\/uploads\/2024\/12\/noel-IMG20241217205214-1024x768.jpg 1024w, https:\/\/soleil-levant-asso.fr\/wp-content\/uploads\/2024\/12\/noel-IMG20241217205214-300x225.jpg 300w, https:\/\/soleil-levant-asso.fr\/wp-content\/uploads\/2024\/12\/noel-IMG20241217205214-768x576.jpg 768w, https:\/\/soleil-levant-asso.fr\/wp-content\/uploads\/2024\/12\/noel-IMG20241217205214-1536x1152.jpg 1536w, https:\/\/soleil-levant-asso.fr\/wp-content\/uploads\/2024\/12\/noel-IMG20241217205214-2048x1536.jpg 2048w\" sizes=\"(max-width: 1024px) 100vw, 1024px\" \/><\/figure>\n<\/div>\n<\/div>\n\n\n\n<div class=\"wp-block-columns alignwide is-layout-flex wp-container-8\">\n<div class=\"wp-block-column is-layout-flow\" style=\"flex-basis:69%\">\n<figure class=\"wp-block-image size-large\"><img decoding=\"async\" loading=\"lazy\" width=\"1024\" height=\"768\" src=\"https:\/\/soleil-levant-asso.fr\/wp-content\/uploads\/2024\/12\/noel-IMG20241217214624-1-1024x768.jpg\" alt=\"\" class=\"wp-image-3279\" srcset=\"https:\/\/soleil-levant-asso.fr\/wp-content\/uploads\/2024\/12\/noel-IMG20241217214624-1-1024x768.jpg 1024w, https:\/\/soleil-levant-asso.fr\/wp-content\/uploads\/2024\/12\/noel-IMG20241217214624-1-300x225.jpg 300w, https:\/\/soleil-levant-asso.fr\/wp-content\/uploads\/2024\/12\/noel-IMG20241217214624-1-768x576.jpg 768w, https:\/\/soleil-levant-asso.fr\/wp-content\/uploads\/2024\/12\/noel-IMG20241217214624-1-1536x1152.jpg 1536w, https:\/\/soleil-levant-asso.fr\/wp-content\/uploads\/2024\/12\/noel-IMG20241217214624-1-2048x1536.jpg 2048w\" sizes=\"(max-width: 1024px) 100vw, 1024px\" \/><\/figure>\n<\/div>\n\n\n\n<div class=\"wp-block-column is-vertically-aligned-center is-layout-flow\" style=\"flex-basis:33%\">\n<figure class=\"wp-block-video\"><video controls src=\"https:\/\/soleil-levant-asso.fr\/wp-content\/uploads\/2024\/05\/VID_20231219_202353.mp4\"><\/video><\/figure>\n<\/div>\n<\/div>\n<\/div>\n<\/div><\/div>\n","protected":false},"excerpt":{"rendered":"<p>D\u00e9cembre 2024 Soir\u00e9e de fin d&rsquo;ann\u00e9e 2024 L&rsquo;association Soleil Levant, c&rsquo;est se retrouver tous les mardis soir de 20H \u00e0 23H &amp; un samedi par mois \u00e0 la maison de quartier Quart&rsquo;Ney Mais pas que &#8230; c&rsquo;est aussi se retrouver<\/p>\n","protected":false},"author":3,"featured_media":0,"parent":0,"menu_order":0,"comment_status":"closed","ping_status":"closed","template":"","meta":[],"_links":{"self":[{"href":"https:\/\/soleil-levant-asso.fr\/index.php?rest_route=\/wp\/v2\/pages\/3275"}],"collection":[{"href":"https:\/\/soleil-levant-asso.fr\/index.php?rest_route=\/wp\/v2\/pages"}],"about":[{"href":"https:\/\/soleil-levant-asso.fr\/index.php?rest_route=\/wp\/v2\/types\/page"}],"author":[{"embeddable":true,"href":"https:\/\/soleil-levant-asso.fr\/index.php?rest_route=\/wp\/v2\/users\/3"}],"replies":[{"embeddable":true,"href":"https:\/\/soleil-levant-asso.fr\/index.php?rest_route=%2Fwp%2Fv2%2Fcomments&post=3275"}],"version-history":[{"count":1,"href":"https:\/\/soleil-levant-asso.fr\/index.php?rest_route=\/wp\/v2\/pages\/3275\/revisions"}],"predecessor-version":[{"id":3281,"href":"https:\/\/soleil-levant-asso.fr\/index.php?rest_route=\/wp\/v2\/pages\/3275\/revisions\/3281"}],"wp:attachment":[{"href":"https:\/\/soleil-levant-asso.fr\/index.php?rest_route=%2Fwp%2Fv2%2Fmedia&parent=3275"}],"curies":[{"name":"wp","href":"https:\/\/api.w.org\/{rel}","templated":true}]}}