{"id":3263,"date":"2024-12-27T20:27:00","date_gmt":"2024-12-27T19:27:00","guid":{"rendered":"https:\/\/soleil-levant-asso.fr\/?page_id=3263"},"modified":"2024-12-28T08:56:24","modified_gmt":"2024-12-28T07:56:24","slug":"nos-evenements-2024-2025","status":"publish","type":"page","link":"https:\/\/soleil-levant-asso.fr\/?page_id=3263","title":{"rendered":"Nos \u00e9v\u00e9nements 2024-2025"},"content":{"rendered":"\n<div class=\"wp-block-columns alignfull has-text-color has-background is-layout-flex wp-container-5\" style=\"color:#000000;background-color:#ffffff\">\n<div class=\"wp-block-column is-layout-flow\"><\/div>\n\n\n\n<div class=\"wp-block-column is-layout-flow\">\n<hr class=\"wp-block-separator has-text-color has-white-color has-alpha-channel-opacity has-white-background-color has-background\"\/>\n\n\n\n<h3 class=\"wp-block-heading has-text-align-center has-black-color has-text-color\" style=\"font-size:24px;line-height:1.3\"><strong>Angers Geek Fest <\/strong><\/h3>\n\n\n\n<p>Avril 2025 &#8211; A venir<\/p>\n\n\n<div class=\"wp-block-image is-style-rounded\">\n<figure class=\"aligncenter size-large\"><img decoding=\"async\" loading=\"lazy\" width=\"1024\" height=\"768\" src=\"http:\/\/soleil-levant-asso.fr\/wp-content\/uploads\/2024\/05\/angersgeekfestIMG20240406095530-1024x768.webp\" alt=\"\" class=\"wp-image-3022\" srcset=\"https:\/\/soleil-levant-asso.fr\/wp-content\/uploads\/2024\/05\/angersgeekfestIMG20240406095530-1024x768.webp 1024w, https:\/\/soleil-levant-asso.fr\/wp-content\/uploads\/2024\/05\/angersgeekfestIMG20240406095530-300x225.webp 300w, https:\/\/soleil-levant-asso.fr\/wp-content\/uploads\/2024\/05\/angersgeekfestIMG20240406095530-768x576.webp 768w, https:\/\/soleil-levant-asso.fr\/wp-content\/uploads\/2024\/05\/angersgeekfestIMG20240406095530-1536x1152.webp 1536w, https:\/\/soleil-levant-asso.fr\/wp-content\/uploads\/2024\/05\/angersgeekfestIMG20240406095530.webp 1610w\" sizes=\"(max-width: 1024px) 100vw, 1024px\" \/><\/figure><\/div><\/div>\n\n\n\n<div class=\"wp-block-column is-layout-flow\">\n<hr class=\"wp-block-separator has-text-color has-white-color has-alpha-channel-opacity has-white-background-color has-background\"\/>\n\n\n\n<h3 class=\"wp-block-heading has-text-align-center has-black-color has-text-color\" style=\"font-size:24px;line-height:1.3\"><a href=\"https:\/\/soleil-levant-asso.fr\/?page_id=3295\">Japan Games 2025<\/a><\/h3>\n\n\n\n<p>25 Janvier 2025  :  Descriptif \u00e0 venir<\/p>\n\n\n\n<figure class=\"wp-block-image size-large is-resized is-style-rounded\"><img decoding=\"async\" loading=\"lazy\" src=\"http:\/\/soleil-levant-asso.fr\/wp-content\/uploads\/2024\/12\/Choix-final-1-724x1024.png\" alt=\"\" class=\"wp-image-3296\" width=\"362\" height=\"512\" srcset=\"https:\/\/soleil-levant-asso.fr\/wp-content\/uploads\/2024\/12\/Choix-final-1-724x1024.png 724w, https:\/\/soleil-levant-asso.fr\/wp-content\/uploads\/2024\/12\/Choix-final-1-212x300.png 212w, https:\/\/soleil-levant-asso.fr\/wp-content\/uploads\/2024\/12\/Choix-final-1-768x1086.png 768w, https:\/\/soleil-levant-asso.fr\/wp-content\/uploads\/2024\/12\/Choix-final-1-1086x1536.png 1086w, https:\/\/soleil-levant-asso.fr\/wp-content\/uploads\/2024\/12\/Choix-final-1.png 1414w\" sizes=\"(max-width: 362px) 100vw, 362px\" \/><\/figure>\n<\/div>\n\n\n\n<div class=\"wp-block-column is-layout-flow\"><\/div>\n<\/div>\n\n\n\n<div class=\"wp-block-columns alignfull has-text-color has-background is-layout-flex wp-container-11\" style=\"color:#000000;background-color:#ffffff\">\n<div class=\"wp-block-column is-layout-flow\"><\/div>\n\n\n\n<div class=\"wp-block-column is-layout-flow\">\n<hr class=\"wp-block-separator has-text-color has-white-color has-alpha-channel-opacity has-white-background-color has-background\"\/>\n\n\n\n<h3 class=\"wp-block-heading has-text-align-center has-black-color has-text-color\" style=\"font-size:24px;line-height:1.3\"><a href=\"https:\/\/soleil-levant-asso.fr\/?page_id=3275\"><strong>Soir\u00e9e de fin d&rsquo;ann\u00e9e<\/strong> <\/a><\/h3>\n\n\n\n<p>D\u00e9cembre 2024: l&rsquo;occasion de se retrouver ensemble pour f\u00eater la fin d&rsquo;ann\u00e9e autour d&rsquo;animations &#8211; jeux japonais<\/p>\n\n\n\n<figure class=\"wp-block-image size-large is-style-rounded\"><img decoding=\"async\" loading=\"lazy\" width=\"1024\" height=\"768\" src=\"https:\/\/soleil-levant-asso.fr\/wp-content\/uploads\/2024\/12\/noelIMG_2084-1024x768.jpg\" alt=\"\" class=\"wp-image-3282\" srcset=\"https:\/\/soleil-levant-asso.fr\/wp-content\/uploads\/2024\/12\/noelIMG_2084-1024x768.jpg 1024w, https:\/\/soleil-levant-asso.fr\/wp-content\/uploads\/2024\/12\/noelIMG_2084-300x225.jpg 300w, https:\/\/soleil-levant-asso.fr\/wp-content\/uploads\/2024\/12\/noelIMG_2084-768x576.jpg 768w, https:\/\/soleil-levant-asso.fr\/wp-content\/uploads\/2024\/12\/noelIMG_2084-1536x1152.jpg 1536w, https:\/\/soleil-levant-asso.fr\/wp-content\/uploads\/2024\/12\/noelIMG_2084-2048x1536.jpg 2048w\" sizes=\"(max-width: 1024px) 100vw, 1024px\" \/><\/figure>\n<\/div>\n\n\n\n<div class=\"wp-block-column is-layout-flow\">\n<hr class=\"wp-block-separator has-text-color has-white-color has-alpha-channel-opacity has-white-background-color has-background\"\/>\n\n\n\n<h3 class=\"wp-block-heading has-text-align-center has-black-color has-text-color\" style=\"font-size:24px;line-height:1.3\"><strong>Art du Japon <\/strong><\/h3>\n\n\n\n<p>Novembre 2024  : un grand weekend autour des arts du Japon ! <\/p>\n\n\n<div class=\"wp-block-image is-style-rounded\">\n<figure class=\"aligncenter size-large\"><img decoding=\"async\" loading=\"lazy\" width=\"1024\" height=\"768\" src=\"https:\/\/soleil-levant-asso.fr\/wp-content\/uploads\/2024\/12\/art-du-japonIMG20241109144725-1024x768.jpg\" alt=\"\" class=\"wp-image-3285\" srcset=\"https:\/\/soleil-levant-asso.fr\/wp-content\/uploads\/2024\/12\/art-du-japonIMG20241109144725-1024x768.jpg 1024w, https:\/\/soleil-levant-asso.fr\/wp-content\/uploads\/2024\/12\/art-du-japonIMG20241109144725-300x225.jpg 300w, https:\/\/soleil-levant-asso.fr\/wp-content\/uploads\/2024\/12\/art-du-japonIMG20241109144725-768x576.jpg 768w, https:\/\/soleil-levant-asso.fr\/wp-content\/uploads\/2024\/12\/art-du-japonIMG20241109144725-1536x1152.jpg 1536w, https:\/\/soleil-levant-asso.fr\/wp-content\/uploads\/2024\/12\/art-du-japonIMG20241109144725-2048x1536.jpg 2048w\" sizes=\"(max-width: 1024px) 100vw, 1024px\" \/><\/figure><\/div><\/div>\n\n\n\n<div class=\"wp-block-column is-layout-flow\">\n<hr class=\"wp-block-separator has-text-color has-white-color has-alpha-channel-opacity has-white-background-color has-background\"\/>\n\n\n\n<h3 class=\"wp-block-heading has-text-align-center has-black-color has-text-color\" style=\"font-size:24px;line-height:1.3\">Escale au Japon<\/h3>\n\n\n\n<p>Octobre 2024 : Voyage au japon avec le centre social de Chemille <\/p>\n\n\n\n<figure class=\"wp-block-image size-large is-style-rounded\"><img decoding=\"async\" loading=\"lazy\" width=\"1024\" height=\"768\" src=\"https:\/\/soleil-levant-asso.fr\/wp-content\/uploads\/2024\/12\/voyageaujaponIMG20241026142923-1024x768.jpg\" alt=\"\" class=\"wp-image-3284\" srcset=\"https:\/\/soleil-levant-asso.fr\/wp-content\/uploads\/2024\/12\/voyageaujaponIMG20241026142923-1024x768.jpg 1024w, https:\/\/soleil-levant-asso.fr\/wp-content\/uploads\/2024\/12\/voyageaujaponIMG20241026142923-300x225.jpg 300w, https:\/\/soleil-levant-asso.fr\/wp-content\/uploads\/2024\/12\/voyageaujaponIMG20241026142923-768x576.jpg 768w, https:\/\/soleil-levant-asso.fr\/wp-content\/uploads\/2024\/12\/voyageaujaponIMG20241026142923-1536x1152.jpg 1536w, https:\/\/soleil-levant-asso.fr\/wp-content\/uploads\/2024\/12\/voyageaujaponIMG20241026142923-2048x1536.jpg 2048w\" sizes=\"(max-width: 1024px) 100vw, 1024px\" \/><\/figure>\n<\/div>\n\n\n\n<div class=\"wp-block-column is-layout-flow\"><\/div>\n<\/div>\n\n\n\n<div class=\"wp-block-columns alignfull has-text-color has-background is-layout-flex wp-container-17\" style=\"color:#000000;background-color:#ffffff\">\n<div class=\"wp-block-column is-layout-flow\"><\/div>\n\n\n\n<div class=\"wp-block-column is-layout-flow\">\n<hr class=\"wp-block-separator has-text-color has-white-color has-alpha-channel-opacity has-white-background-color has-background\"\/>\n\n\n\n<h3 class=\"wp-block-heading has-text-align-center has-black-color has-text-color\" style=\"font-size:24px;line-height:1.3\">Soir\u00e9e d&rsquo;Halloween<\/h3>\n\n\n\n<p>Octobre 2024 : L&rsquo;occasion de se retrouver ensemble pour une soir\u00e9e d&rsquo;halloween et de Yokai !<\/p>\n\n\n\n<figure class=\"wp-block-image size-large is-style-rounded\"><img decoding=\"async\" loading=\"lazy\" width=\"1024\" height=\"768\" src=\"https:\/\/soleil-levant-asso.fr\/wp-content\/uploads\/2024\/12\/halloweenIMG20241015211442-1024x768.jpg\" alt=\"\" class=\"wp-image-3287\" srcset=\"https:\/\/soleil-levant-asso.fr\/wp-content\/uploads\/2024\/12\/halloweenIMG20241015211442-1024x768.jpg 1024w, https:\/\/soleil-levant-asso.fr\/wp-content\/uploads\/2024\/12\/halloweenIMG20241015211442-300x225.jpg 300w, https:\/\/soleil-levant-asso.fr\/wp-content\/uploads\/2024\/12\/halloweenIMG20241015211442-768x576.jpg 768w, https:\/\/soleil-levant-asso.fr\/wp-content\/uploads\/2024\/12\/halloweenIMG20241015211442-1536x1152.jpg 1536w, https:\/\/soleil-levant-asso.fr\/wp-content\/uploads\/2024\/12\/halloweenIMG20241015211442-2048x1536.jpg 2048w\" sizes=\"(max-width: 1024px) 100vw, 1024px\" \/><\/figure>\n<\/div>\n\n\n\n<div class=\"wp-block-column is-layout-flow\">\n<hr class=\"wp-block-separator has-text-color has-white-color has-alpha-channel-opacity has-white-background-color has-background\"\/>\n\n\n\n<h3 class=\"wp-block-heading has-text-align-center has-black-color has-text-color\" style=\"font-size:24px;line-height:1.3\"><strong><a href=\"https:\/\/soleil-levant-asso.fr\/?page_id=3265\">Deux jours en jeux<\/a><\/strong><\/h3>\n\n\n\n<p>Octobre 2024 :  le grand \u00e9v\u00e9nement ludique sur Angers le 05 &amp; 06 octobre<\/p>\n\n\n<div class=\"wp-block-image is-style-rounded\">\n<figure class=\"aligncenter size-large\"><img decoding=\"async\" loading=\"lazy\" width=\"1024\" height=\"576\" src=\"https:\/\/soleil-levant-asso.fr\/wp-content\/uploads\/2024\/12\/Deuxjoursenjeu20241006_142524-1024x576.jpg\" alt=\"\" class=\"wp-image-3264\" srcset=\"https:\/\/soleil-levant-asso.fr\/wp-content\/uploads\/2024\/12\/Deuxjoursenjeu20241006_142524-1024x576.jpg 1024w, https:\/\/soleil-levant-asso.fr\/wp-content\/uploads\/2024\/12\/Deuxjoursenjeu20241006_142524-300x169.jpg 300w, https:\/\/soleil-levant-asso.fr\/wp-content\/uploads\/2024\/12\/Deuxjoursenjeu20241006_142524-768x432.jpg 768w, https:\/\/soleil-levant-asso.fr\/wp-content\/uploads\/2024\/12\/Deuxjoursenjeu20241006_142524-1536x864.jpg 1536w, https:\/\/soleil-levant-asso.fr\/wp-content\/uploads\/2024\/12\/Deuxjoursenjeu20241006_142524-2048x1152.jpg 2048w\" sizes=\"(max-width: 1024px) 100vw, 1024px\" \/><\/figure><\/div><\/div>\n\n\n\n<div class=\"wp-block-column is-layout-flow\">\n<hr class=\"wp-block-separator has-text-color has-white-color has-alpha-channel-opacity has-white-background-color has-background\"\/>\n\n\n\n<h3 class=\"wp-block-heading has-text-align-center has-black-color has-text-color\" style=\"font-size:24px;line-height:1.3\"><strong>Soir\u00e9e de rentr\u00e9e<\/strong> <\/h3>\n\n\n\n<p>Septembre 2024 : On d\u00e9marre cette ann\u00e9e ensemble !<\/p>\n\n\n\n<figure class=\"wp-block-image size-large is-style-rounded\"><img decoding=\"async\" loading=\"lazy\" width=\"1024\" height=\"768\" src=\"https:\/\/soleil-levant-asso.fr\/wp-content\/uploads\/2024\/12\/soire\u0301e-rentre\u0301eIMG20240917214622-1024x768.jpg\" alt=\"\" class=\"wp-image-3286\" srcset=\"https:\/\/soleil-levant-asso.fr\/wp-content\/uploads\/2024\/12\/soire\u0301e-rentre\u0301eIMG20240917214622-1024x768.jpg 1024w, https:\/\/soleil-levant-asso.fr\/wp-content\/uploads\/2024\/12\/soire\u0301e-rentre\u0301eIMG20240917214622-300x225.jpg 300w, https:\/\/soleil-levant-asso.fr\/wp-content\/uploads\/2024\/12\/soire\u0301e-rentre\u0301eIMG20240917214622-768x576.jpg 768w, https:\/\/soleil-levant-asso.fr\/wp-content\/uploads\/2024\/12\/soire\u0301e-rentre\u0301eIMG20240917214622-1536x1152.jpg 1536w, https:\/\/soleil-levant-asso.fr\/wp-content\/uploads\/2024\/12\/soire\u0301e-rentre\u0301eIMG20240917214622-2048x1536.jpg 2048w\" sizes=\"(max-width: 1024px) 100vw, 1024px\" \/><\/figure>\n<\/div>\n\n\n\n<div class=\"wp-block-column is-layout-flow\"><\/div>\n<\/div>\n\n\n\n<p class=\"has-black-color has-text-color has-medium-font-size\"><\/p>\n","protected":false},"excerpt":{"rendered":"<p>Angers Geek Fest Avril 2025 &#8211; A venir Japan Games 2025 25 Janvier 2025 : Descriptif \u00e0 venir Soir\u00e9e de fin d&rsquo;ann\u00e9e D\u00e9cembre 2024: l&rsquo;occasion de se retrouver ensemble pour f\u00eater la fin d&rsquo;ann\u00e9e autour d&rsquo;animations &#8211; jeux japonais Art<\/p>\n","protected":false},"author":3,"featured_media":0,"parent":0,"menu_order":0,"comment_status":"closed","ping_status":"closed","template":"","meta":[],"_links":{"self":[{"href":"https:\/\/soleil-levant-asso.fr\/index.php?rest_route=\/wp\/v2\/pages\/3263"}],"collection":[{"href":"https:\/\/soleil-levant-asso.fr\/index.php?rest_route=\/wp\/v2\/pages"}],"about":[{"href":"https:\/\/soleil-levant-asso.fr\/index.php?rest_route=\/wp\/v2\/types\/page"}],"author":[{"embeddable":true,"href":"https:\/\/soleil-levant-asso.fr\/index.php?rest_route=\/wp\/v2\/users\/3"}],"replies":[{"embeddable":true,"href":"https:\/\/soleil-levant-asso.fr\/index.php?rest_route=%2Fwp%2Fv2%2Fcomments&post=3263"}],"version-history":[{"count":4,"href":"https:\/\/soleil-levant-asso.fr\/index.php?rest_route=\/wp\/v2\/pages\/3263\/revisions"}],"predecessor-version":[{"id":3300,"href":"https:\/\/soleil-levant-asso.fr\/index.php?rest_route=\/wp\/v2\/pages\/3263\/revisions\/3300"}],"wp:attachment":[{"href":"https:\/\/soleil-levant-asso.fr\/index.php?rest_route=%2Fwp%2Fv2%2Fmedia&parent=3263"}],"curies":[{"name":"wp","href":"https:\/\/api.w.org\/{rel}","templated":true}]}}