{"id":2795,"date":"2024-02-03T19:44:52","date_gmt":"2024-02-03T18:44:52","guid":{"rendered":"https:\/\/soleil-levant-asso.fr\/?page_id=2795"},"modified":"2024-11-14T23:54:43","modified_gmt":"2024-11-14T22:54:43","slug":"bureau-de-soleil-levant","status":"publish","type":"page","link":"https:\/\/soleil-levant-asso.fr\/?page_id=2795","title":{"rendered":"Bureau de Soleil Levant"},"content":{"rendered":"\n<p><\/p>\n\n\n\n<div class=\"wp-block-columns is-layout-flex wp-container-4\">\n<div class=\"wp-block-column is-layout-flow\"><div class=\"wp-block-image is-style-rounded\">\n<figure class=\"aligncenter size-full is-resized\"><img decoding=\"async\" loading=\"lazy\" src=\"https:\/\/soleil-levant-asso.fr\/wp-content\/uploads\/2024\/02\/gaetanCapture.png\" alt=\"\" class=\"wp-image-2796\" width=\"215\" height=\"300\" srcset=\"https:\/\/soleil-levant-asso.fr\/wp-content\/uploads\/2024\/02\/gaetanCapture.png 429w, https:\/\/soleil-levant-asso.fr\/wp-content\/uploads\/2024\/02\/gaetanCapture-215x300.png 215w\" sizes=\"(max-width: 215px) 100vw, 215px\" \/><\/figure><\/div>\n\n\n<p class=\"has-text-align-center\"><strong>Ga\u00ebtan &#8211; Pr\u00e9sident <\/strong><\/p>\n\n\n\n<p>Pr\u00e9sident de l&rsquo;association depuis 3 ans, Ga\u00ebtan est le sensei de Soleil Levant du jeu de soci\u00e9t\u00e9  \u00ab\u00a0Sensei\u00a0\u00bb et est passionn\u00e9 de cuisine ! <\/p>\n\n\n\n<p>Il anime r\u00e9guli\u00e8rement des ateliers cuisines et nous fait voyager gustativement \ud83c\udf5c<\/p>\n<\/div>\n\n\n\n<div class=\"wp-block-column is-layout-flow\"><div class=\"wp-block-image is-style-rounded\">\n<figure class=\"aligncenter size-medium\"><img decoding=\"async\" loading=\"lazy\" width=\"177\" height=\"300\" src=\"https:\/\/soleil-levant-asso.fr\/wp-content\/uploads\/2024\/02\/Louna-JeanneCapture-177x300.png\" alt=\"\" class=\"wp-image-2799\" srcset=\"https:\/\/soleil-levant-asso.fr\/wp-content\/uploads\/2024\/02\/Louna-JeanneCapture-177x300.png 177w, https:\/\/soleil-levant-asso.fr\/wp-content\/uploads\/2024\/02\/Louna-JeanneCapture.png 198w\" sizes=\"(max-width: 177px) 100vw, 177px\" \/><\/figure><\/div>\n\n\n<p class=\"has-text-align-center\"><strong>Louna-Jeanne &#8211; Vice-Pr\u00e9sidente<\/strong><\/p>\n\n\n\n<p>Vice-Pr\u00e9sidente depuis 3 ans, Louna-Jeanne est incollable sur les musiques d&rsquo;anim\u00e9 (imbattable au blind test) et est la sensei DDR de Soleil Levant !<\/p>\n\n\n\n<p>Toujours pr\u00e9sente pour nous faire danser lors des activit\u00e9s de l&rsquo;association ou lors des \u00e9v\u00e9nements via le DDR !<\/p>\n<\/div>\n\n\n\n<div class=\"wp-block-column is-layout-flow\"><div class=\"wp-block-image is-style-rounded\">\n<figure class=\"aligncenter size-medium is-resized\"><img decoding=\"async\" loading=\"lazy\" src=\"https:\/\/soleil-levant-asso.fr\/wp-content\/uploads\/2024\/02\/tresorier_-291x300.jpg\" alt=\"\" class=\"wp-image-2835\" width=\"218\" height=\"225\" srcset=\"https:\/\/soleil-levant-asso.fr\/wp-content\/uploads\/2024\/02\/tresorier_-291x300.jpg 291w, https:\/\/soleil-levant-asso.fr\/wp-content\/uploads\/2024\/02\/tresorier_-994x1024.jpg 994w, https:\/\/soleil-levant-asso.fr\/wp-content\/uploads\/2024\/02\/tresorier_-768x791.jpg 768w, https:\/\/soleil-levant-asso.fr\/wp-content\/uploads\/2024\/02\/tresorier_-1491x1536.jpg 1491w, https:\/\/soleil-levant-asso.fr\/wp-content\/uploads\/2024\/02\/tresorier_.jpg 1641w\" sizes=\"(max-width: 218px) 100vw, 218px\" \/><\/figure><\/div>\n\n\n<hr class=\"wp-block-separator has-alpha-channel-opacity\"\/>\n\n\n\n<hr class=\"wp-block-separator has-alpha-channel-opacity\"\/>\n\n\n\n<p class=\"has-text-align-center\"><strong>Thomas &#8211; Tr\u00e9sorier<\/strong><\/p>\n\n\n\n<p>Tr\u00e9sorier de l&rsquo;association, Thomas tient les comptes   entre deux parties de jeux vid\u00e9al et TCG ! <\/p>\n\n\n\n<p>Toujours pr\u00eat \u00e0 nous initier ou \u00e0 d\u00e9couvrir de nouveaux jeux de soci\u00e9t\u00e9 et \u00e0 aller sur les pistes DDR. <\/p>\n<\/div>\n<\/div>\n\n\n\n<hr class=\"wp-block-separator has-alpha-channel-opacity\"\/>\n\n\n\n<div class=\"wp-block-columns is-layout-flex wp-container-8\">\n<div class=\"wp-block-column is-layout-flow\"><div class=\"wp-block-image is-style-rounded\">\n<figure class=\"aligncenter size-large is-resized\"><img decoding=\"async\" src=\"http:\/\/soleil-levant-asso.fr\/wp-content\/uploads\/2024\/05\/0-20240504_152333-768x1024.webp\" alt=\"\" class=\"wp-image-3110\" width=\"169\" srcset=\"https:\/\/soleil-levant-asso.fr\/wp-content\/uploads\/2024\/05\/0-20240504_152333-768x1024.webp 768w, https:\/\/soleil-levant-asso.fr\/wp-content\/uploads\/2024\/05\/0-20240504_152333-225x300.webp 225w, https:\/\/soleil-levant-asso.fr\/wp-content\/uploads\/2024\/05\/0-20240504_152333.webp 906w\" sizes=\"(max-width: 768px) 100vw, 768px\" \/><\/figure><\/div>\n\n\n<p class=\"has-text-align-center\"><strong>C\u00e9cile &#8211; Vice-tr\u00e9sori\u00e8re<\/strong><\/p>\n\n\n\n<p>D\u00e9couvrez prochainement notre vice-tr\u00e9sori\u00e8re ! <\/p>\n<\/div>\n\n\n\n<div class=\"wp-block-column is-layout-flow\"><div class=\"wp-block-image is-style-rounded\">\n<figure class=\"aligncenter size-medium\"><img decoding=\"async\" loading=\"lazy\" width=\"169\" height=\"300\" src=\"https:\/\/soleil-levant-asso.fr\/wp-content\/uploads\/2024\/02\/Melany_D9FBAD2A-B9B4-4571-87C4-8EDD2D373536-169x300.jpg\" alt=\"\" class=\"wp-image-2802\" srcset=\"https:\/\/soleil-levant-asso.fr\/wp-content\/uploads\/2024\/02\/Melany_D9FBAD2A-B9B4-4571-87C4-8EDD2D373536-169x300.jpg 169w, https:\/\/soleil-levant-asso.fr\/wp-content\/uploads\/2024\/02\/Melany_D9FBAD2A-B9B4-4571-87C4-8EDD2D373536-576x1024.jpg 576w, https:\/\/soleil-levant-asso.fr\/wp-content\/uploads\/2024\/02\/Melany_D9FBAD2A-B9B4-4571-87C4-8EDD2D373536-768x1365.jpg 768w, https:\/\/soleil-levant-asso.fr\/wp-content\/uploads\/2024\/02\/Melany_D9FBAD2A-B9B4-4571-87C4-8EDD2D373536-864x1536.jpg 864w, https:\/\/soleil-levant-asso.fr\/wp-content\/uploads\/2024\/02\/Melany_D9FBAD2A-B9B4-4571-87C4-8EDD2D373536-1153x2048.jpg 1153w, https:\/\/soleil-levant-asso.fr\/wp-content\/uploads\/2024\/02\/Melany_D9FBAD2A-B9B4-4571-87C4-8EDD2D373536-scaled.jpg 1441w\" sizes=\"(max-width: 169px) 100vw, 169px\" \/><\/figure><\/div>\n\n\n<p class=\"has-text-align-center\"><strong>M\u00e9lany &#8211; Responsable communication<\/strong><\/p>\n\n\n\n<p>Responsable communication (r\u00e9seaux sociaux et site internet) de Soleil Levant, M\u00e9lany est une passionn\u00e9e ! Toujours pr\u00eate \u00e0 \u00e9changer autour de la culture ou de la litt\u00e9rature japonaise et \u00e0 nous partager ses tips de voyages au Japon !<\/p>\n\n\n\n<p>M\u00e9lany combine deux passions (le crochet et le japon) via des ateliers Amigurumi \u00e0 l&rsquo;association et sur Angers ! <\/p>\n\n\n\n<ul class=\"wp-block-social-links is-layout-flex\"><li class=\"wp-social-link wp-social-link-instagram wp-block-social-link\"><a href=\"https:\/\/www.instagram.com\/grainedecrochet\/\" class=\"wp-block-social-link-anchor\"><svg width=\"24\" height=\"24\" viewBox=\"0 0 24 24\" version=\"1.1\" xmlns=\"http:\/\/www.w3.org\/2000\/svg\" aria-hidden=\"true\" focusable=\"false\"><path d=\"M12,4.622c2.403,0,2.688,0.009,3.637,0.052c0.877,0.04,1.354,0.187,1.671,0.31c0.42,0.163,0.72,0.358,1.035,0.673 c0.315,0.315,0.51,0.615,0.673,1.035c0.123,0.317,0.27,0.794,0.31,1.671c0.043,0.949,0.052,1.234,0.052,3.637 s-0.009,2.688-0.052,3.637c-0.04,0.877-0.187,1.354-0.31,1.671c-0.163,0.42-0.358,0.72-0.673,1.035 c-0.315,0.315-0.615,0.51-1.035,0.673c-0.317,0.123-0.794,0.27-1.671,0.31c-0.949,0.043-1.233,0.052-3.637,0.052 s-2.688-0.009-3.637-0.052c-0.877-0.04-1.354-0.187-1.671-0.31c-0.42-0.163-0.72-0.358-1.035-0.673 c-0.315-0.315-0.51-0.615-0.673-1.035c-0.123-0.317-0.27-0.794-0.31-1.671C4.631,14.688,4.622,14.403,4.622,12 s0.009-2.688,0.052-3.637c0.04-0.877,0.187-1.354,0.31-1.671c0.163-0.42,0.358-0.72,0.673-1.035 c0.315-0.315,0.615-0.51,1.035-0.673c0.317-0.123,0.794-0.27,1.671-0.31C9.312,4.631,9.597,4.622,12,4.622 M12,3 C9.556,3,9.249,3.01,8.289,3.054C7.331,3.098,6.677,3.25,6.105,3.472C5.513,3.702,5.011,4.01,4.511,4.511 c-0.5,0.5-0.808,1.002-1.038,1.594C3.25,6.677,3.098,7.331,3.054,8.289C3.01,9.249,3,9.556,3,12c0,2.444,0.01,2.751,0.054,3.711 c0.044,0.958,0.196,1.612,0.418,2.185c0.23,0.592,0.538,1.094,1.038,1.594c0.5,0.5,1.002,0.808,1.594,1.038 c0.572,0.222,1.227,0.375,2.185,0.418C9.249,20.99,9.556,21,12,21s2.751-0.01,3.711-0.054c0.958-0.044,1.612-0.196,2.185-0.418 c0.592-0.23,1.094-0.538,1.594-1.038c0.5-0.5,0.808-1.002,1.038-1.594c0.222-0.572,0.375-1.227,0.418-2.185 C20.99,14.751,21,14.444,21,12s-0.01-2.751-0.054-3.711c-0.044-0.958-0.196-1.612-0.418-2.185c-0.23-0.592-0.538-1.094-1.038-1.594 c-0.5-0.5-1.002-0.808-1.594-1.038c-0.572-0.222-1.227-0.375-2.185-0.418C14.751,3.01,14.444,3,12,3L12,3z M12,7.378 c-2.552,0-4.622,2.069-4.622,4.622S9.448,16.622,12,16.622s4.622-2.069,4.622-4.622S14.552,7.378,12,7.378z M12,15 c-1.657,0-3-1.343-3-3s1.343-3,3-3s3,1.343,3,3S13.657,15,12,15z M16.804,6.116c-0.596,0-1.08,0.484-1.08,1.08 s0.484,1.08,1.08,1.08c0.596,0,1.08-0.484,1.08-1.08S17.401,6.116,16.804,6.116z\"><\/path><\/svg><span class=\"wp-block-social-link-label screen-reader-text\">Instagram<\/span><\/a><\/li>\n\n<li class=\"wp-social-link wp-social-link-chain wp-block-social-link\"><a href=\"https:\/\/linktr.ee\/grainedecrochet\" class=\"wp-block-social-link-anchor\"><svg width=\"24\" height=\"24\" viewBox=\"0 0 24 24\" version=\"1.1\" xmlns=\"http:\/\/www.w3.org\/2000\/svg\" aria-hidden=\"true\" focusable=\"false\"><path d=\"M19.647,16.706a1.134,1.134,0,0,0-.343-.833l-2.549-2.549a1.134,1.134,0,0,0-.833-.343,1.168,1.168,0,0,0-.883.392l.233.226q.2.189.264.264a2.922,2.922,0,0,1,.184.233.986.986,0,0,1,.159.312,1.242,1.242,0,0,1,.043.337,1.172,1.172,0,0,1-1.176,1.176,1.237,1.237,0,0,1-.337-.043,1,1,0,0,1-.312-.159,2.76,2.76,0,0,1-.233-.184q-.073-.068-.264-.264l-.226-.233a1.19,1.19,0,0,0-.4.895,1.134,1.134,0,0,0,.343.833L15.837,19.3a1.13,1.13,0,0,0,.833.331,1.18,1.18,0,0,0,.833-.318l1.8-1.789a1.12,1.12,0,0,0,.343-.821Zm-8.615-8.64a1.134,1.134,0,0,0-.343-.833L8.163,4.7a1.134,1.134,0,0,0-.833-.343,1.184,1.184,0,0,0-.833.331L4.7,6.473a1.12,1.12,0,0,0-.343.821,1.134,1.134,0,0,0,.343.833l2.549,2.549a1.13,1.13,0,0,0,.833.331,1.184,1.184,0,0,0,.883-.38L8.728,10.4q-.2-.189-.264-.264A2.922,2.922,0,0,1,8.28,9.9a.986.986,0,0,1-.159-.312,1.242,1.242,0,0,1-.043-.337A1.172,1.172,0,0,1,9.254,8.079a1.237,1.237,0,0,1,.337.043,1,1,0,0,1,.312.159,2.761,2.761,0,0,1,.233.184q.073.068.264.264l.226.233a1.19,1.19,0,0,0,.4-.895ZM22,16.706a3.343,3.343,0,0,1-1.042,2.488l-1.8,1.789a3.536,3.536,0,0,1-4.988-.025l-2.525-2.537a3.384,3.384,0,0,1-1.017-2.488,3.448,3.448,0,0,1,1.078-2.561l-1.078-1.078a3.434,3.434,0,0,1-2.549,1.078,3.4,3.4,0,0,1-2.5-1.029L3.029,9.794A3.4,3.4,0,0,1,2,7.294,3.343,3.343,0,0,1,3.042,4.806l1.8-1.789A3.384,3.384,0,0,1,7.331,2a3.357,3.357,0,0,1,2.5,1.042l2.525,2.537a3.384,3.384,0,0,1,1.017,2.488,3.448,3.448,0,0,1-1.078,2.561l1.078,1.078a3.551,3.551,0,0,1,5.049-.049l2.549,2.549A3.4,3.4,0,0,1,22,16.706Z\"><\/path><\/svg><span class=\"wp-block-social-link-label screen-reader-text\">Link<\/span><\/a><\/li><\/ul>\n<\/div>\n<\/div>\n","protected":false},"excerpt":{"rendered":"<p>Ga\u00ebtan &#8211; Pr\u00e9sident Pr\u00e9sident de l&rsquo;association depuis 3 ans, Ga\u00ebtan est le sensei de Soleil Levant du jeu de soci\u00e9t\u00e9 \u00ab\u00a0Sensei\u00a0\u00bb et est passionn\u00e9 de cuisine ! Il anime r\u00e9guli\u00e8rement des ateliers cuisines et nous fait voyager gustativement \ud83c\udf5c Louna-Jeanne<\/p>\n","protected":false},"author":3,"featured_media":0,"parent":0,"menu_order":0,"comment_status":"closed","ping_status":"closed","template":"","meta":[],"_links":{"self":[{"href":"https:\/\/soleil-levant-asso.fr\/index.php?rest_route=\/wp\/v2\/pages\/2795"}],"collection":[{"href":"https:\/\/soleil-levant-asso.fr\/index.php?rest_route=\/wp\/v2\/pages"}],"about":[{"href":"https:\/\/soleil-levant-asso.fr\/index.php?rest_route=\/wp\/v2\/types\/page"}],"author":[{"embeddable":true,"href":"https:\/\/soleil-levant-asso.fr\/index.php?rest_route=\/wp\/v2\/users\/3"}],"replies":[{"embeddable":true,"href":"https:\/\/soleil-levant-asso.fr\/index.php?rest_route=%2Fwp%2Fv2%2Fcomments&post=2795"}],"version-history":[{"count":18,"href":"https:\/\/soleil-levant-asso.fr\/index.php?rest_route=\/wp\/v2\/pages\/2795\/revisions"}],"predecessor-version":[{"id":3240,"href":"https:\/\/soleil-levant-asso.fr\/index.php?rest_route=\/wp\/v2\/pages\/2795\/revisions\/3240"}],"wp:attachment":[{"href":"https:\/\/soleil-levant-asso.fr\/index.php?rest_route=%2Fwp%2Fv2%2Fmedia&parent=2795"}],"curies":[{"name":"wp","href":"https:\/\/api.w.org\/{rel}","templated":true}]}}