{"id":2663,"date":"2023-11-19T10:41:26","date_gmt":"2023-11-19T09:41:26","guid":{"rendered":"https:\/\/soleil-levant-asso.fr\/?page_id=2663"},"modified":"2025-01-06T09:15:54","modified_gmt":"2025-01-06T08:15:54","slug":"presentation","status":"publish","type":"page","link":"https:\/\/soleil-levant-asso.fr\/","title":{"rendered":"Pr\u00e9sentation"},"content":{"rendered":"\n<div class=\"wp-block-group alignfull has-white-background-color has-background is-layout-flow\" style=\"padding-top:6vw;padding-right:6vw;padding-bottom:6vw;padding-left:6vw\"><div class=\"wp-block-group__inner-container\">\n<div class=\"wp-block-group is-vertical is-nowrap is-layout-flex wp-container-1\" style=\"padding-right:0;padding-left:0\">\n<h6 class=\"wp-block-heading has-text-color\" id=\"ecosystem\" style=\"color:#000000;font-size:16px\">Association<\/h6>\n\n\n\n<p class=\"has-text-color\" style=\"color:#000000;font-size:6vw;font-style:normal;font-weight:700;letter-spacing:0px;line-height:0.9;text-decoration:none;text-transform:none\">Soleil Levant<\/p>\n<\/div>\n\n\n\n<div style=\"height:1vw\" aria-hidden=\"true\" class=\"wp-block-spacer\"><\/div>\n\n\n\n<div class=\"wp-block-group alignwide is-vertical is-nowrap is-layout-flex wp-container-11\" style=\"padding-top:0;padding-right:0;padding-bottom:0;padding-left:0\">\n<div class=\"wp-block-columns alignwide is-layout-flex wp-container-7\">\n<div class=\"wp-block-column is-layout-flow\" style=\"flex-basis:33.38%\">\n<hr class=\"wp-block-separator has-alpha-channel-opacity\"\/>\n\n\n\n<p class=\"has-text-color has-medium-font-size\" style=\"color:#000000\">L&rsquo;association Soleil Levant a pour but de <strong>promouvoir la culture japonaise \u00e0 Angers et dans les r\u00e9gions voisines.<\/strong><\/p>\n\n\n\n<hr class=\"wp-block-separator has-alpha-channel-opacity\"\/>\n\n\n\n<p class=\"has-black-color has-text-color\">Nous sommes ainsi compos\u00e9s <strong>de b\u00e9n\u00e9voles \/ membres passionn\u00e9s par le Japon<\/strong> qui ont la volont\u00e9 de :<\/p>\n\n\n\n<hr class=\"wp-block-separator has-alpha-channel-opacity\"\/>\n\n\n\n<ul>\n<li style=\"font-size:15px\">Contribuer \u00e0 la diversit\u00e9 culturelle sur le Maine-et-Loire<\/li>\n\n\n\n<li style=\"font-size:15px\">Partager une passion commune<\/li>\n\n\n\n<li style=\"font-size:15px\">(Re)d\u00e9couvrir des activit\u00e9s culturelles japonaises <\/li>\n<\/ul>\n<\/div>\n\n\n\n<div class=\"wp-block-column is-layout-flow\" style=\"flex-basis:33%\">\n<div style=\"height:2vw\" aria-hidden=\"true\" class=\"wp-block-spacer\"><\/div>\n\n\n\n<figure class=\"wp-block-image size-full\"><img decoding=\"async\" loading=\"lazy\" width=\"880\" height=\"816\" src=\"http:\/\/soleil-levant-asso.fr\/wp-content\/uploads\/2023\/07\/logo_02.png\" alt=\"\" class=\"wp-image-35\"\/><\/figure>\n<\/div>\n\n\n\n<div class=\"wp-block-column is-layout-flow\" style=\"flex-basis:33.62%\">\n<figure class=\"wp-block-gallery has-nested-images columns-3 is-cropped wp-block-gallery-4 is-layout-flex\">\n<figure class=\"wp-block-image size-large\"><img decoding=\"async\" loading=\"lazy\" width=\"1024\" height=\"768\" src=\"http:\/\/soleil-levant-asso.fr\/wp-content\/uploads\/2024\/05\/mardi-IMG20231121195023-1024x768.webp\" alt=\"\" class=\"wp-image-3172\" srcset=\"https:\/\/soleil-levant-asso.fr\/wp-content\/uploads\/2024\/05\/mardi-IMG20231121195023-1024x768.webp 1024w, https:\/\/soleil-levant-asso.fr\/wp-content\/uploads\/2024\/05\/mardi-IMG20231121195023-300x225.webp 300w, https:\/\/soleil-levant-asso.fr\/wp-content\/uploads\/2024\/05\/mardi-IMG20231121195023-768x576.webp 768w, https:\/\/soleil-levant-asso.fr\/wp-content\/uploads\/2024\/05\/mardi-IMG20231121195023-1536x1152.webp 1536w, https:\/\/soleil-levant-asso.fr\/wp-content\/uploads\/2024\/05\/mardi-IMG20231121195023.webp 1610w\" sizes=\"(max-width: 1024px) 100vw, 1024px\" \/><\/figure>\n\n\n\n<figure class=\"wp-block-image size-large\"><img decoding=\"async\" loading=\"lazy\" width=\"1024\" height=\"768\" src=\"http:\/\/soleil-levant-asso.fr\/wp-content\/uploads\/2024\/05\/mangakissaIMG20240423213648-1024x768.webp\" alt=\"\" class=\"wp-image-3201\" srcset=\"https:\/\/soleil-levant-asso.fr\/wp-content\/uploads\/2024\/05\/mangakissaIMG20240423213648-1024x768.webp 1024w, https:\/\/soleil-levant-asso.fr\/wp-content\/uploads\/2024\/05\/mangakissaIMG20240423213648-300x225.webp 300w, https:\/\/soleil-levant-asso.fr\/wp-content\/uploads\/2024\/05\/mangakissaIMG20240423213648-768x576.webp 768w, https:\/\/soleil-levant-asso.fr\/wp-content\/uploads\/2024\/05\/mangakissaIMG20240423213648-1536x1152.webp 1536w, https:\/\/soleil-levant-asso.fr\/wp-content\/uploads\/2024\/05\/mangakissaIMG20240423213648.webp 1610w\" sizes=\"(max-width: 1024px) 100vw, 1024px\" \/><\/figure>\n\n\n\n<figure class=\"wp-block-image size-large\"><img decoding=\"async\" loading=\"lazy\" width=\"1024\" height=\"768\" src=\"http:\/\/soleil-levant-asso.fr\/wp-content\/uploads\/2024\/05\/soire\u0301e-de-fin-danne\u0301eIMG20231219211317-1024x768.webp\" alt=\"\" class=\"wp-image-2886\" srcset=\"https:\/\/soleil-levant-asso.fr\/wp-content\/uploads\/2024\/05\/soire\u0301e-de-fin-danne\u0301eIMG20231219211317-1024x768.webp 1024w, https:\/\/soleil-levant-asso.fr\/wp-content\/uploads\/2024\/05\/soire\u0301e-de-fin-danne\u0301eIMG20231219211317-300x225.webp 300w, https:\/\/soleil-levant-asso.fr\/wp-content\/uploads\/2024\/05\/soire\u0301e-de-fin-danne\u0301eIMG20231219211317-768x576.webp 768w, https:\/\/soleil-levant-asso.fr\/wp-content\/uploads\/2024\/05\/soire\u0301e-de-fin-danne\u0301eIMG20231219211317-1536x1152.webp 1536w, https:\/\/soleil-levant-asso.fr\/wp-content\/uploads\/2024\/05\/soire\u0301e-de-fin-danne\u0301eIMG20231219211317.webp 1610w\" sizes=\"(max-width: 1024px) 100vw, 1024px\" \/><\/figure>\n\n\n\n<figure class=\"wp-block-image size-large\"><img decoding=\"async\" loading=\"lazy\" width=\"1204\" height=\"903\" src=\"https:\/\/soleil-levant-asso.fr\/wp-content\/uploads\/2017\/06\/Hanami-parc-Balzac-Angers-20-1.jpg\" alt=\"\" class=\"wp-image-899\"\/><\/figure>\n<\/figure>\n<\/div>\n<\/div>\n\n\n\n<div class=\"wp-block-columns alignwide is-layout-flex wp-container-10\">\n<div class=\"wp-block-column is-layout-flow\" style=\"flex-basis:69%\">\n<figure class=\"wp-block-image size-large\"><img decoding=\"async\" loading=\"lazy\" width=\"1024\" height=\"768\" src=\"http:\/\/soleil-levant-asso.fr\/wp-content\/uploads\/2024\/05\/angersgeekfestIMG20240406095530-1024x768.webp\" alt=\"\" class=\"wp-image-3022\" srcset=\"https:\/\/soleil-levant-asso.fr\/wp-content\/uploads\/2024\/05\/angersgeekfestIMG20240406095530-1024x768.webp 1024w, https:\/\/soleil-levant-asso.fr\/wp-content\/uploads\/2024\/05\/angersgeekfestIMG20240406095530-300x225.webp 300w, https:\/\/soleil-levant-asso.fr\/wp-content\/uploads\/2024\/05\/angersgeekfestIMG20240406095530-768x576.webp 768w, https:\/\/soleil-levant-asso.fr\/wp-content\/uploads\/2024\/05\/angersgeekfestIMG20240406095530-1536x1152.webp 1536w, https:\/\/soleil-levant-asso.fr\/wp-content\/uploads\/2024\/05\/angersgeekfestIMG20240406095530.webp 1610w\" sizes=\"(max-width: 1024px) 100vw, 1024px\" \/><\/figure>\n<\/div>\n\n\n\n<div class=\"wp-block-column is-vertically-aligned-center is-layout-flow\" style=\"flex-basis:33%\">\n<p class=\"has-text-align-left has-text-color\" style=\"color:#000000;font-size:15px\">Dans ce but, Soleil Levant organise et propose une <strong>grande vari\u00e9t\u00e9 d&rsquo;activit\u00e9s pour faire d\u00e9couvrir les diff\u00e9rents aspects de la culture japonaise<\/strong> (aupr\u00e8s de nos membres mais aussi bien en tant que prestataire pour des \u00e9v\u00e9nements externes) : <\/p>\n\n\n\n<hr class=\"wp-block-separator has-alpha-channel-opacity\"\/>\n\n\n\n<ul class=\"has-black-color has-text-color\">\n<li style=\"font-size:15px\">Echanges sur la culture japonaise<\/li>\n\n\n\n<li style=\"font-size:15px\">Partage de conseils\/astuces pour les voyages au Japon<\/li>\n\n\n\n<li style=\"font-size:15px\">Jeux de soci\u00e9t\u00e9s <\/li>\n\n\n\n<li style=\"font-size:15px\">Jeux de rythmes et musicaux (DDR, Karaok\u00e9)<\/li>\n\n\n\n<li style=\"font-size:15px\">Atelier cuisine (pr\u00e9paration et\/ou d\u00e9gustation)<\/li>\n\n\n\n<li style=\"font-size:15px\">Origami<\/li>\n\n\n\n<li style=\"font-size:15px\">Amigurumi<\/li>\n\n\n\n<li style=\"font-size:15px\">Cosplay <\/li>\n\n\n\n<li style=\"font-size:15px\">Etc.(Liste non exhaustive)<\/li>\n<\/ul>\n\n\n\n<hr class=\"wp-block-separator has-alpha-channel-opacity\"\/>\n\n\n\n<p class=\"has-black-color has-text-color\">L&rsquo;association ne s&rsquo;arr\u00eate pas l\u00e0 ! Nous <strong>recensons au mieux les \u00e9v\u00e9nements et les adresses<\/strong> autours de la culture japonaise sur Angers (et au-del\u00e0) ! <\/p>\n\n\n\n<hr class=\"wp-block-separator has-alpha-channel-opacity\"\/>\n\n\n\n<p class=\"has-black-color has-text-color\"><strong>L&rsquo;association \u00e9volue en fonction de la volont\u00e9 et de la proposition de nos membres ! <\/strong><\/p>\n\n\n\n<hr class=\"wp-block-separator has-alpha-channel-opacity\"\/>\n\n\n\n<p class=\"has-black-color has-text-color\">Donc n&rsquo;h\u00e9sitez pas nous rejoindre et \u00e0 faire des propositions \ud83d\ude09<\/p>\n<\/div>\n<\/div>\n<\/div>\n\n\n\n<hr class=\"wp-block-separator has-alpha-channel-opacity\"\/>\n\n\n\n<div class=\"wp-block-columns is-layout-flex wp-container-22\">\n<div class=\"wp-block-column is-layout-flow\">\n<div class=\"wp-block-buttons is-content-justification-center is-nowrap is-layout-flex wp-container-12\">\n<div class=\"wp-block-button\"><a class=\"wp-block-button__link wp-element-button\" href=\"https:\/\/soleil-levant-asso.fr\/?page_id=2332\">Nos activit\u00e9s<\/a><\/div>\n<\/div>\n<\/div>\n\n\n\n<div class=\"wp-block-column is-layout-flow\">\n<div class=\"wp-block-buttons is-content-justification-center is-nowrap is-layout-flex wp-container-14\">\n<div class=\"wp-block-button\"><a class=\"wp-block-button__link wp-element-button\" href=\"https:\/\/soleil-levant-asso.fr\/?page_id=3263\">Nos \u00e9v\u00e9nements 2024-2025<\/a><\/div>\n<\/div>\n<\/div>\n\n\n\n<div class=\"wp-block-column is-layout-flow\">\n<div class=\"wp-block-buttons is-content-justification-center is-layout-flex wp-container-16\">\n<div class=\"wp-block-button\"><a class=\"wp-block-button__link wp-element-button\" href=\"https:\/\/soleil-levant-asso.fr\/?page_id=2376\">Nos prestations<\/a><\/div>\n<\/div>\n<\/div>\n\n\n\n<div class=\"wp-block-column is-layout-flow\">\n<div class=\"wp-block-buttons is-content-justification-center is-layout-flex wp-container-18\">\n<div class=\"wp-block-button\"><a class=\"wp-block-button__link wp-element-button\" href=\"https:\/\/soleil-levant-asso.fr\/?page_id=2643\">Devenir Membre<\/a><\/div>\n<\/div>\n<\/div>\n\n\n\n<div class=\"wp-block-column is-layout-flow\">\n<div class=\"wp-block-buttons is-content-justification-center is-layout-flex wp-container-20\">\n<div class=\"wp-block-button\"><a class=\"wp-block-button__link wp-element-button\" href=\"https:\/\/soleil-levant-asso.fr\/?page_id=1751\">Nous contacter<\/a><\/div>\n<\/div>\n<\/div>\n<\/div>\n<\/div><\/div>\n\n\n\n<hr class=\"wp-block-separator has-alpha-channel-opacity\"\/>\n","protected":false},"excerpt":{"rendered":"<p>Association Soleil Levant L&rsquo;association Soleil Levant a pour but de promouvoir la culture japonaise \u00e0 Angers et dans les r\u00e9gions voisines. Nous sommes ainsi compos\u00e9s de b\u00e9n\u00e9voles \/ membres passionn\u00e9s par le Japon qui ont la volont\u00e9 de : Dans<\/p>\n","protected":false},"author":3,"featured_media":0,"parent":0,"menu_order":0,"comment_status":"closed","ping_status":"closed","template":"","meta":[],"_links":{"self":[{"href":"https:\/\/soleil-levant-asso.fr\/index.php?rest_route=\/wp\/v2\/pages\/2663"}],"collection":[{"href":"https:\/\/soleil-levant-asso.fr\/index.php?rest_route=\/wp\/v2\/pages"}],"about":[{"href":"https:\/\/soleil-levant-asso.fr\/index.php?rest_route=\/wp\/v2\/types\/page"}],"author":[{"embeddable":true,"href":"https:\/\/soleil-levant-asso.fr\/index.php?rest_route=\/wp\/v2\/users\/3"}],"replies":[{"embeddable":true,"href":"https:\/\/soleil-levant-asso.fr\/index.php?rest_route=%2Fwp%2Fv2%2Fcomments&post=2663"}],"version-history":[{"count":16,"href":"https:\/\/soleil-levant-asso.fr\/index.php?rest_route=\/wp\/v2\/pages\/2663\/revisions"}],"predecessor-version":[{"id":3318,"href":"https:\/\/soleil-levant-asso.fr\/index.php?rest_route=\/wp\/v2\/pages\/2663\/revisions\/3318"}],"wp:attachment":[{"href":"https:\/\/soleil-levant-asso.fr\/index.php?rest_route=%2Fwp%2Fv2%2Fmedia&parent=2663"}],"curies":[{"name":"wp","href":"https:\/\/api.w.org\/{rel}","templated":true}]}}