{"id":2332,"date":"2023-09-16T22:09:25","date_gmt":"2023-09-16T20:09:25","guid":{"rendered":"http:\/\/soleil-levant-asso.fr\/?page_id=2332"},"modified":"2024-05-09T12:26:52","modified_gmt":"2024-05-09T10:26:52","slug":"activites-de-lassociation","status":"publish","type":"page","link":"https:\/\/soleil-levant-asso.fr\/?page_id=2332","title":{"rendered":"Activit\u00e9s de l&rsquo;association"},"content":{"rendered":"\n<div class=\"wp-block-group is-layout-constrained\"><div class=\"wp-block-group__inner-container\">\n<p><\/p>\n<\/div><\/div>\n\n\n\n<div class=\"wp-block-cover alignfull is-light\" style=\"min-height:426px\"><span aria-hidden=\"true\" class=\"wp-block-cover__background has-white-background-color has-background-dim-100 has-background-dim\"><\/span><div class=\"wp-block-cover__inner-container\">\n<div class=\"wp-block-media-text alignwide is-stacked-on-mobile is-vertically-aligned-center is-image-fill has-white-background-color has-background\" style=\"grid-template-columns:29% auto\"><figure class=\"wp-block-media-text__media\" style=\"background-image:url(http:\/\/soleil-levant-asso.fr\/wp-content\/uploads\/2024\/02\/Icone-1024x1024.png);background-position:50% 50%\"><img decoding=\"async\" loading=\"lazy\" width=\"1024\" height=\"1024\" src=\"http:\/\/soleil-levant-asso.fr\/wp-content\/uploads\/2024\/02\/Icone-1024x1024.png\" alt=\"\" class=\"wp-image-2820 size-full\" srcset=\"https:\/\/soleil-levant-asso.fr\/wp-content\/uploads\/2024\/02\/Icone-1024x1024.png 1024w, https:\/\/soleil-levant-asso.fr\/wp-content\/uploads\/2024\/02\/Icone-300x300.png 300w, https:\/\/soleil-levant-asso.fr\/wp-content\/uploads\/2024\/02\/Icone-150x150.png 150w, https:\/\/soleil-levant-asso.fr\/wp-content\/uploads\/2024\/02\/Icone-768x768.png 768w, https:\/\/soleil-levant-asso.fr\/wp-content\/uploads\/2024\/02\/Icone-230x230.png 230w, https:\/\/soleil-levant-asso.fr\/wp-content\/uploads\/2024\/02\/Icone-330x330.png 330w, https:\/\/soleil-levant-asso.fr\/wp-content\/uploads\/2024\/02\/Icone.png 1080w\" sizes=\"(max-width: 1024px) 100vw, 1024px\" \/><\/figure><div class=\"wp-block-media-text__content\">\n<h2 class=\"wp-block-heading has-text-color\" style=\"color:#000000;font-size:32px\"><strong>Dance Dance R\u00e9volution (DDR) <\/strong><\/h2>\n\n\n\n<hr class=\"wp-block-separator has-alpha-channel-opacity\"\/>\n\n\n\n<p>Le DDR est un jeu musical et de rythme qui a \u00e9merg\u00e9 au Japon en 1998 dans les salles d\u2019arcane. Aujourd\u2019hui, le DDR est le jeu musical le plus connu et le plus import\u00e9 dans le monde ! <\/p>\n\n\n\n<p>Un concept simple mais qui n\u00e9cessite une bonne coordination et le sens du rythme&nbsp;<\/p>\n\n\n\n<p>Tu as un tapis avec des touches directionnelles (haut, bas, droite, gauche) et tu dois suivre les indications de l\u2019\u00e9cran au rythme de la musique !<\/p>\n\n\n\n<p>Alors, pr\u00eat \u00e0 endiabler la piste ?<\/p>\n\n\n\n<hr class=\"wp-block-separator has-alpha-channel-opacity\"\/>\n\n\n\n<div class=\"wp-block-buttons is-content-justification-center is-layout-flex wp-container-2\">\n<div class=\"wp-block-button is-style-fill\"><a class=\"wp-block-button__link wp-element-button\" href=\"http:\/\/soleil-levant-asso.fr\/?page_id=43&amp;_thumbnail_id=2361\">EN SAVOIR PLUS<\/a><\/div>\n<\/div>\n<\/div><\/div>\n<\/div><\/div>\n\n\n\n<div class=\"wp-block-cover alignfull is-light\" style=\"min-height:542px\"><span aria-hidden=\"true\" class=\"wp-block-cover__background has-background-dim-100 has-background-dim\" style=\"background-color:#fea98c\"><\/span><div class=\"wp-block-cover__inner-container\">\n<h2 class=\"wp-block-heading has-text-align-left has-text-color has-background\" style=\"color:#000000;background-color:#fea98c;font-size:32px\">  <strong>Jeux de soci\u00e9t\u00e9  <\/strong><\/h2>\n\n\n\n<div class=\"wp-block-media-text alignwide has-media-on-the-right is-stacked-on-mobile is-vertically-aligned-center is-image-fill has-background\" style=\"background-color:#fea98c;grid-template-columns:auto 40%\"><div class=\"wp-block-media-text__content\">\n<p>R\u00e9guli\u00e8rement (agenda 2023-2024 \u00e0 venir), nous nous retrouvons pour jouer ensemble  !<\/p>\n\n\n\n<p style=\"font-size:16px\">L\u2019occasion :<\/p>\n\n\n\n<ul>\n<li style=\"font-size:16px\">De red\u00e9couvrir des jeux de soci\u00e9t\u00e9 traditionnel (ex. jeu de GO)<\/li>\n\n\n\n<li style=\"font-size:16px\">D&rsquo;essayer de nouveaux jeux (plateaux, cartes, logiques, pions, d&rsquo;ambiance) pour tout \u00e2ge<\/li>\n\n\n\n<li style=\"font-size:16px\">De partager nos tips<\/li>\n\n\n\n<li style=\"font-size:16px\">De partager un moment de convivialit\u00e9 avec des passion\u00e9.e.s<\/li>\n<\/ul>\n\n\n\n<p>Notre ludoth\u00e8que se construit au fur et \u00e0 mesure, et elle n\u2019attends plus que toi pour s\u2019agrandir et tester ces jeux&nbsp;.<\/p>\n\n\n\n<hr class=\"wp-block-separator has-text-color has-alpha-channel-opacity has-background\" style=\"background-color:#fea98c;color:#fea98c\"\/>\n\n\n\n<div class=\"wp-block-buttons is-content-justification-center is-layout-flex wp-container-3\">\n<div class=\"wp-block-button is-style-fill\"><a class=\"wp-block-button__link wp-element-button\" href=\"https:\/\/soleil-levant-asso.fr\/?page_id=45\">EN SAVOIR PLUS<\/a><\/div>\n<\/div>\n<\/div><figure class=\"wp-block-media-text__media\" style=\"background-image:url(http:\/\/soleil-levant-asso.fr\/wp-content\/uploads\/2023\/10\/Jeux-rose-2-1024x1024.png);background-position:50% 50%\"><img decoding=\"async\" loading=\"lazy\" width=\"1024\" height=\"1024\" src=\"http:\/\/soleil-levant-asso.fr\/wp-content\/uploads\/2023\/10\/Jeux-rose-2-1024x1024.png\" alt=\"\" class=\"wp-image-2475 size-full\" srcset=\"https:\/\/soleil-levant-asso.fr\/wp-content\/uploads\/2023\/10\/Jeux-rose-2-1024x1024.png 1024w, https:\/\/soleil-levant-asso.fr\/wp-content\/uploads\/2023\/10\/Jeux-rose-2-300x300.png 300w, https:\/\/soleil-levant-asso.fr\/wp-content\/uploads\/2023\/10\/Jeux-rose-2-150x150.png 150w, https:\/\/soleil-levant-asso.fr\/wp-content\/uploads\/2023\/10\/Jeux-rose-2-768x768.png 768w, https:\/\/soleil-levant-asso.fr\/wp-content\/uploads\/2023\/10\/Jeux-rose-2-230x230.png 230w, https:\/\/soleil-levant-asso.fr\/wp-content\/uploads\/2023\/10\/Jeux-rose-2-330x330.png 330w, https:\/\/soleil-levant-asso.fr\/wp-content\/uploads\/2023\/10\/Jeux-rose-2.png 1080w\" sizes=\"(max-width: 1024px) 100vw, 1024px\" \/><\/figure><\/div>\n<\/div><\/div>\n\n\n\n<div class=\"wp-block-cover alignfull is-light\" style=\"min-height:444px\"><span aria-hidden=\"true\" class=\"wp-block-cover__background has-white-background-color has-background-dim-100 has-background-dim\"><\/span><div class=\"wp-block-cover__inner-container\">\n<div class=\"wp-block-media-text alignwide is-stacked-on-mobile is-vertically-aligned-center is-image-fill has-white-background-color has-background\" style=\"grid-template-columns:33% auto\"><figure class=\"wp-block-media-text__media\" style=\"background-image:url(http:\/\/soleil-levant-asso.fr\/wp-content\/uploads\/2023\/09\/Atelier-cuisine-fond-5-1024x1024.png);background-position:50% 50%\"><img decoding=\"async\" loading=\"lazy\" width=\"1024\" height=\"1024\" src=\"http:\/\/soleil-levant-asso.fr\/wp-content\/uploads\/2023\/09\/Atelier-cuisine-fond-5-1024x1024.png\" alt=\"\" class=\"wp-image-2368 size-full\" srcset=\"https:\/\/soleil-levant-asso.fr\/wp-content\/uploads\/2023\/09\/Atelier-cuisine-fond-5-1024x1024.png 1024w, https:\/\/soleil-levant-asso.fr\/wp-content\/uploads\/2023\/09\/Atelier-cuisine-fond-5-300x300.png 300w, https:\/\/soleil-levant-asso.fr\/wp-content\/uploads\/2023\/09\/Atelier-cuisine-fond-5-150x150.png 150w, https:\/\/soleil-levant-asso.fr\/wp-content\/uploads\/2023\/09\/Atelier-cuisine-fond-5-768x768.png 768w, https:\/\/soleil-levant-asso.fr\/wp-content\/uploads\/2023\/09\/Atelier-cuisine-fond-5-230x230.png 230w, https:\/\/soleil-levant-asso.fr\/wp-content\/uploads\/2023\/09\/Atelier-cuisine-fond-5-330x330.png 330w, https:\/\/soleil-levant-asso.fr\/wp-content\/uploads\/2023\/09\/Atelier-cuisine-fond-5.png 1080w\" sizes=\"(max-width: 1024px) 100vw, 1024px\" \/><\/figure><div class=\"wp-block-media-text__content\">\n<h2 class=\"wp-block-heading has-text-color\" style=\"color:#000000;font-size:32px\"><strong>Ateliers de cuisine <\/strong><\/h2>\n\n\n\n<hr class=\"wp-block-separator has-alpha-channel-opacity\"\/>\n\n\n\n<p style=\"font-size:16px\">D\u00e9butant.e ou un.e expert.e en cuisine, nous partons ensemble \u00e0 la (re)d\u00e9couverte du pays du \u00ab&nbsp;Soleil levant&nbsp;\u00bb avec nos papilles !<\/p>\n\n\n\n<p style=\"font-size:16px\">L\u2019occasion :<\/p>\n\n\n\n<ul>\n<li style=\"font-size:16px\">D\u2019exp\u00e9rimenter de nouvelles recettes<\/li>\n\n\n\n<li style=\"font-size:16px\">De partager nos astuces \/ recettes<\/li>\n\n\n\n<li style=\"font-size:16px\">De pr\u00e9parer des plats ensemble (et de s\u2019entraider)<\/li>\n\n\n\n<li style=\"font-size:16px\">De partager un moment de convivialit\u00e9 autour d\u2019un bon repas<\/li>\n<\/ul>\n\n\n\n<hr class=\"wp-block-separator has-alpha-channel-opacity\"\/>\n\n\n\n<div class=\"wp-block-buttons is-content-justification-center is-layout-flex wp-container-4\">\n<div class=\"wp-block-button is-style-fill\"><a class=\"wp-block-button__link wp-element-button\" href=\"http:\/\/soleil-levant-asso.fr\/?page_id=2178&amp;_thumbnail_id=2142\">EN SAVOIR PLUS<\/a><\/div>\n<\/div>\n<\/div><\/div>\n<\/div><\/div>\n\n\n\n<div class=\"wp-block-cover alignfull is-light\" style=\"min-height:542px\"><span aria-hidden=\"true\" class=\"wp-block-cover__background has-background-dim-100 has-background-dim\" style=\"background-color:#fea98c\"><\/span><div class=\"wp-block-cover__inner-container\">\n<h2 class=\"wp-block-heading has-text-align-left has-text-color has-background\" style=\"color:#000000;background-color:#fea98c;font-size:32px\">  <strong>Club JAPON   <\/strong><\/h2>\n\n\n\n<div class=\"wp-block-media-text alignwide has-media-on-the-right is-stacked-on-mobile is-vertically-aligned-center is-image-fill has-background\" style=\"background-color:#fea98c;grid-template-columns:auto 40%\"><div class=\"wp-block-media-text__content\">\n<p>Viens profiter d&rsquo;un moment de partage autour du Japon et de sa culture.<\/p>\n\n\n\n<hr class=\"wp-block-separator has-text-color has-alpha-channel-opacity has-background is-style-default\" style=\"background-color:#fea98c;color:#fea98c\"\/>\n\n\n\n<p>L&rsquo;occasion:<\/p>\n\n\n\n<ul>\n<li style=\"font-size:15px\">D&rsquo;\u00e9tudier ou de t&rsquo;initier \u00e0 la langue japonais.<\/li>\n\n\n\n<li style=\"font-size:15px\">De d\u00e9couvrir des arts japonais : calligraphie, origami, amigurumi, et bien d&rsquo;autres.<\/li>\n\n\n\n<li style=\"font-size:15px\">D&rsquo;\u00e9changer avec des passionn\u00e9s comme toi qui sont et\/ou vont aller au japon.<\/li>\n<\/ul>\n\n\n\n<hr class=\"wp-block-separator has-text-color has-alpha-channel-opacity has-background\" style=\"background-color:#fea98c;color:#fea98c\"\/>\n\n\n\n<p>N&rsquo;h\u00e9site pas \u00e0 faire vivre le club Japon en nous partageant tes connaissances du pays ou envies.<\/p>\n\n\n\n<hr class=\"wp-block-separator has-text-color has-alpha-channel-opacity has-background\" style=\"background-color:#fea98c;color:#fea98c\"\/>\n\n\n\n<div class=\"wp-block-buttons is-content-justification-center is-layout-flex wp-container-5\">\n<div class=\"wp-block-button is-style-fill\"><a class=\"wp-block-button__link wp-element-button\" href=\"https:\/\/soleil-levant-asso.fr\/?page_id=2707\">EN SAVOIR PLUS<\/a><\/div>\n<\/div>\n<\/div><figure class=\"wp-block-media-text__media\" style=\"background-image:url(http:\/\/soleil-levant-asso.fr\/wp-content\/uploads\/2023\/10\/Club-JAPON-3-1024x1024.png);background-position:50% 50%\"><img decoding=\"async\" loading=\"lazy\" width=\"1024\" height=\"1024\" src=\"http:\/\/soleil-levant-asso.fr\/wp-content\/uploads\/2023\/10\/Club-JAPON-3-1024x1024.png\" alt=\"\" class=\"wp-image-2471 size-full\" srcset=\"https:\/\/soleil-levant-asso.fr\/wp-content\/uploads\/2023\/10\/Club-JAPON-3-1024x1024.png 1024w, https:\/\/soleil-levant-asso.fr\/wp-content\/uploads\/2023\/10\/Club-JAPON-3-300x300.png 300w, https:\/\/soleil-levant-asso.fr\/wp-content\/uploads\/2023\/10\/Club-JAPON-3-150x150.png 150w, https:\/\/soleil-levant-asso.fr\/wp-content\/uploads\/2023\/10\/Club-JAPON-3-768x768.png 768w, https:\/\/soleil-levant-asso.fr\/wp-content\/uploads\/2023\/10\/Club-JAPON-3-230x230.png 230w, https:\/\/soleil-levant-asso.fr\/wp-content\/uploads\/2023\/10\/Club-JAPON-3-330x330.png 330w, https:\/\/soleil-levant-asso.fr\/wp-content\/uploads\/2023\/10\/Club-JAPON-3.png 1080w\" sizes=\"(max-width: 1024px) 100vw, 1024px\" \/><\/figure><\/div>\n<\/div><\/div>\n","protected":false},"excerpt":{"rendered":"","protected":false},"author":3,"featured_media":0,"parent":0,"menu_order":0,"comment_status":"closed","ping_status":"closed","template":"","meta":[],"_links":{"self":[{"href":"https:\/\/soleil-levant-asso.fr\/index.php?rest_route=\/wp\/v2\/pages\/2332"}],"collection":[{"href":"https:\/\/soleil-levant-asso.fr\/index.php?rest_route=\/wp\/v2\/pages"}],"about":[{"href":"https:\/\/soleil-levant-asso.fr\/index.php?rest_route=\/wp\/v2\/types\/page"}],"author":[{"embeddable":true,"href":"https:\/\/soleil-levant-asso.fr\/index.php?rest_route=\/wp\/v2\/users\/3"}],"replies":[{"embeddable":true,"href":"https:\/\/soleil-levant-asso.fr\/index.php?rest_route=%2Fwp%2Fv2%2Fcomments&post=2332"}],"version-history":[{"count":31,"href":"https:\/\/soleil-levant-asso.fr\/index.php?rest_route=\/wp\/v2\/pages\/2332\/revisions"}],"predecessor-version":[{"id":3220,"href":"https:\/\/soleil-levant-asso.fr\/index.php?rest_route=\/wp\/v2\/pages\/2332\/revisions\/3220"}],"wp:attachment":[{"href":"https:\/\/soleil-levant-asso.fr\/index.php?rest_route=%2Fwp%2Fv2%2Fmedia&parent=2332"}],"curies":[{"name":"wp","href":"https:\/\/api.w.org\/{rel}","templated":true}]}}