{"id":1735,"date":"2023-07-20T12:19:40","date_gmt":"2023-07-20T10:19:40","guid":{"rendered":"http:\/\/soleil-levant-asso.fr\/\/?page_id=1735"},"modified":"2024-05-09T11:20:21","modified_gmt":"2024-05-09T09:20:21","slug":"prestation-4","status":"publish","type":"page","link":"https:\/\/soleil-levant-asso.fr\/?page_id=1735","title":{"rendered":"Karaok\u00e9"},"content":{"rendered":"\n<p><\/p>\n\n\n\n<div class=\"wp-block-columns is-layout-flex wp-container-5\">\n<div class=\"wp-block-column is-layout-flow\" style=\"flex-basis:66.66%\">\n<p><strong>Qu&rsquo;est-ce que le karaok\u00e9 ?<\/strong><\/p>\n\n\n\n<p>Invent\u00e9 au japon dans les ann\u00e9es 1970, il a rapidement gagn\u00e9 en popularit\u00e9 au Japon mais \u00e9galement dans le monde entier. <\/p>\n\n\n\n<p>Le mot \u00ab\u00a0Karaok\u00e9\u00a0\u00bb vient de \u00ab kara \u00bb (= vide) et \u00ab \u014dkesutora \u00bb (= orchestre). <\/p>\n\n\n\n<p>Litt\u00e9ralement \u00ab\u00a0orchestre vide\u00a0\u00bb, ce terme fait r\u00e9f\u00e9rence \u00e0 une prestation musicale sans chanteur principal et permettant aux participant.e.s de chanter \u00e0 la place. <\/p>\n\n\n\n<hr class=\"wp-block-separator has-alpha-channel-opacity\"\/>\n\n\n\n<p><strong>Le principe ?<\/strong><\/p>\n\n\n\n<p>Les participant.e.s choisissent une chanson parmi une liste de titre : il s&rsquo;agit d&rsquo;enregistrements instrumentaux sans la partie vocale du chanteur original. <\/p>\n\n\n\n<p>Lorsque la chanson commence, les paroles sont affich\u00e9es sur un \u00e9cran. <\/p>\n\n\n\n<p>Equip\u00e9.e d&rsquo;un microphone, les participant.e.s chantent la chanson en suivant les paroles diffus\u00e9es (tout en essayant de chanter aussi bien que la version originale) ! <\/p>\n\n\n\n<hr class=\"wp-block-separator has-alpha-channel-opacity\"\/>\n\n\n\n<p><strong>Et aujourd&rsquo;hui ? <\/strong><\/p>\n\n\n\n<p>Le karaok\u00e9 a \u00e9volu\u00e9 avec les avanc\u00e9es technologiques <\/p>\n\n\n\n<p>Le karaok\u00e9 est un incontournable de la culture populaire et il a \u00e9volu\u00e9 avec les avanc\u00e9es technologiques : de la machine aux bandes magn\u00e9tiques, \u00e0 des lecteurs de CD ou aux jeux vid\u00e9os ! <\/p>\n\n\n\n<p>Pratiqu\u00e9 lors de f\u00eates, de rassemblements sociaux ou de concours de karaok\u00e9 , il permet de rassembler tout le monde autour de la musique et du plaisir de chanter (que l&rsquo;on soit un chateur amateur ou chevronn\u00e9) ! <\/p>\n\n\n\n<p><\/p>\n<\/div>\n\n\n\n<div class=\"wp-block-column is-layout-flow\" style=\"flex-basis:33.33%\">\n<figure class=\"wp-block-gallery has-nested-images columns-1 is-cropped wp-block-gallery-2 is-layout-flex\">\n<figure class=\"wp-block-image size-large\"><img decoding=\"async\" loading=\"lazy\" width=\"720\" height=\"480\" src=\"http:\/\/soleil-levant-asso.fr\/wp-content\/uploads\/2023\/08\/Angers-geek.jpg\" alt=\"\" class=\"wp-image-2278\" srcset=\"https:\/\/soleil-levant-asso.fr\/wp-content\/uploads\/2023\/08\/Angers-geek.jpg 720w, https:\/\/soleil-levant-asso.fr\/wp-content\/uploads\/2023\/08\/Angers-geek-300x200.jpg 300w\" sizes=\"(max-width: 720px) 100vw, 720px\" \/><figcaption class=\"wp-element-caption\">Angers Geek<\/figcaption><\/figure>\n\n\n\n<figure class=\"wp-block-image size-large\"><img decoding=\"async\" loading=\"lazy\" width=\"1024\" height=\"1024\" src=\"http:\/\/soleil-levant-asso.fr\/wp-content\/uploads\/2023\/09\/Karaoke-1-1024x1024.png\" alt=\"\" class=\"wp-image-2382\" srcset=\"https:\/\/soleil-levant-asso.fr\/wp-content\/uploads\/2023\/09\/Karaoke-1-1024x1024.png 1024w, https:\/\/soleil-levant-asso.fr\/wp-content\/uploads\/2023\/09\/Karaoke-1-300x300.png 300w, https:\/\/soleil-levant-asso.fr\/wp-content\/uploads\/2023\/09\/Karaoke-1-150x150.png 150w, https:\/\/soleil-levant-asso.fr\/wp-content\/uploads\/2023\/09\/Karaoke-1-768x768.png 768w, https:\/\/soleil-levant-asso.fr\/wp-content\/uploads\/2023\/09\/Karaoke-1-230x230.png 230w, https:\/\/soleil-levant-asso.fr\/wp-content\/uploads\/2023\/09\/Karaoke-1-330x330.png 330w, https:\/\/soleil-levant-asso.fr\/wp-content\/uploads\/2023\/09\/Karaoke-1.png 1080w\" sizes=\"(max-width: 1024px) 100vw, 1024px\" \/><\/figure>\n<\/figure>\n<\/div>\n<\/div>\n\n\n\n<hr class=\"wp-block-separator has-alpha-channel-opacity\"\/>\n\n\n\n<div class=\"wp-block-columns is-layout-flex wp-container-8\">\n<div class=\"wp-block-column is-layout-flow\">\n<figure class=\"wp-block-image size-large\"><img decoding=\"async\" loading=\"lazy\" width=\"1024\" height=\"768\" src=\"http:\/\/soleil-levant-asso.fr\/wp-content\/uploads\/2024\/05\/angersgeekfestIMG20240407103819-1024x768.webp\" alt=\"\" class=\"wp-image-3045\" srcset=\"https:\/\/soleil-levant-asso.fr\/wp-content\/uploads\/2024\/05\/angersgeekfestIMG20240407103819-1024x768.webp 1024w, https:\/\/soleil-levant-asso.fr\/wp-content\/uploads\/2024\/05\/angersgeekfestIMG20240407103819-300x225.webp 300w, https:\/\/soleil-levant-asso.fr\/wp-content\/uploads\/2024\/05\/angersgeekfestIMG20240407103819-768x576.webp 768w, https:\/\/soleil-levant-asso.fr\/wp-content\/uploads\/2024\/05\/angersgeekfestIMG20240407103819-1536x1152.webp 1536w, https:\/\/soleil-levant-asso.fr\/wp-content\/uploads\/2024\/05\/angersgeekfestIMG20240407103819.webp 1610w\" sizes=\"(max-width: 1024px) 100vw, 1024px\" \/><figcaption class=\"wp-element-caption\">Karaok\u00e9 \u00e0 l&rsquo;AngersGeekfest 2024<\/figcaption><\/figure>\n<\/div>\n\n\n\n<div class=\"wp-block-column has-white-color has-text-color has-background is-layout-flow\" style=\"background-color:#f2f2f2\">\n<p class=\"has-text-align-center has-white-color has-text-color has-background\" style=\"background-color:#a11513\"><strong>PRESTATION<\/strong><\/p>\n\n\n\n<hr class=\"wp-block-separator has-alpha-channel-opacity\"\/>\n\n\n\n<p class=\"has-black-color has-text-color\">Plus qu&rsquo;une simple activit\u00e9 musicale, le karaok\u00e9 g\u00e9ant est une exp\u00e9rience accessible \u00e0 tous (petits et grands) ! <\/p>\n\n\n\n<p class=\"has-black-color has-text-color\">Quelque soit votre niveau de chant (ou celui de vos invit\u00e9.e.s), lib\u00e9rez vous, profitez et cr\u00e9ez-vous des souvenirs inoubliables ensemble ! <\/p>\n\n\n\n<hr class=\"wp-block-separator has-alpha-channel-opacity\"\/>\n\n\n\n<p class=\"has-black-color has-text-color\"><strong>Tarif : 90\u20ac<\/strong> (tarif d\u00e9gressif selon la dur\u00e9e de l&rsquo;activit\u00e9 (+ de 4H) et\/ou le nombre d&rsquo;activit\u00e9 souhait\u00e9)<\/p>\n\n\n\n<p class=\"has-black-color has-text-color\">Comprends :  <\/p>\n\n\n\n<ul class=\"has-black-color has-text-color\">\n<li style=\"font-size:15px\">Equipement : Vid\u00e9o projecteur + Logiciel (chansons anim\u00e9s)<\/li>\n\n\n\n<li style=\"font-size:15px\">Installation \/ D\u00e9montage<\/li>\n\n\n\n<li style=\"font-size:15px\">Animation<\/li>\n\n\n\n<li style=\"font-size:15px\">Dur\u00e9e : 1H \u00e0 4H<\/li>\n<\/ul>\n\n\n\n<p class=\"has-black-color has-text-color\">Pr\u00e9voir : Mur blanc<\/p>\n\n\n\n<p class=\"has-black-color has-text-color\">Ne comprend pas : les frais kilom\u00e9triques<\/p>\n\n\n\n<p style=\"font-size:15px\"><\/p>\n<\/div>\n<\/div>\n\n\n\n<p><\/p>\n","protected":false},"excerpt":{"rendered":"<p>Qu&rsquo;est-ce que le karaok\u00e9 ? Invent\u00e9 au japon dans les ann\u00e9es 1970, il a rapidement gagn\u00e9 en popularit\u00e9 au Japon mais \u00e9galement dans le monde entier. Le mot \u00ab\u00a0Karaok\u00e9\u00a0\u00bb vient de \u00ab kara \u00bb (= vide) et \u00ab \u014dkesutora \u00bb<\/p>\n","protected":false},"author":1,"featured_media":2164,"parent":0,"menu_order":0,"comment_status":"closed","ping_status":"closed","template":"","meta":[],"_links":{"self":[{"href":"https:\/\/soleil-levant-asso.fr\/index.php?rest_route=\/wp\/v2\/pages\/1735"}],"collection":[{"href":"https:\/\/soleil-levant-asso.fr\/index.php?rest_route=\/wp\/v2\/pages"}],"about":[{"href":"https:\/\/soleil-levant-asso.fr\/index.php?rest_route=\/wp\/v2\/types\/page"}],"author":[{"embeddable":true,"href":"https:\/\/soleil-levant-asso.fr\/index.php?rest_route=\/wp\/v2\/users\/1"}],"replies":[{"embeddable":true,"href":"https:\/\/soleil-levant-asso.fr\/index.php?rest_route=%2Fwp%2Fv2%2Fcomments&post=1735"}],"version-history":[{"count":17,"href":"https:\/\/soleil-levant-asso.fr\/index.php?rest_route=\/wp\/v2\/pages\/1735\/revisions"}],"predecessor-version":[{"id":3198,"href":"https:\/\/soleil-levant-asso.fr\/index.php?rest_route=\/wp\/v2\/pages\/1735\/revisions\/3198"}],"wp:featuredmedia":[{"embeddable":true,"href":"https:\/\/soleil-levant-asso.fr\/index.php?rest_route=\/wp\/v2\/media\/2164"}],"wp:attachment":[{"href":"https:\/\/soleil-levant-asso.fr\/index.php?rest_route=%2Fwp%2Fv2%2Fmedia&parent=1735"}],"curies":[{"name":"wp","href":"https:\/\/api.w.org\/{rel}","templated":true}]}}